se 4*k + 5*r + 1831 = 5*k, 1837 = k + r. What are the prime factors of k?
2, 3, 17
Let s(n) = -n**2 + 2*n + 132. Let h be -3 + -6*(-4)/8. List the prime factors of s(h).
2, 3, 11
Let o = 63 + -30. Let b = 66 - o. List the prime factors of b.
3, 11
Suppose 9*m + 413 = -1558. Let z = -91 - m. List the prime factors of z.
2
Let q(t) be the second derivative of t**3/6 + 9*t**2/2 + 2*t. Let f be (2/4)/(12 - (-1075)/(-90)). What are the prime factors of q(f)?
2, 3
Suppose 10*c - 482 = 508. List the prime factors of c.
3, 11
Let p = 5 - 46. Let x = p - -28. Let j(t) = t**2 + 11*t. What are the prime factors of j(x)?
2, 13
Suppose -1470 = -2*l - 452. List the prime factors of l.
509
Let a(o) = -4*o - 6*o**2 - 2 - o**3 - o**3 + 13*o**2 + o**3. Let q be a(6). Suppose -6*m = -q*m + 28. List the prime factors of m.
7
Let u be (-3)/(-6)*(1 + 5). Let f be 63 + (2 + -2 - u). Let d = -32 + f. What are the prime factors of d?
2, 7
Let i = -33 - -43. Suppose -i*h + 152 = -6*h. What are the prime factors of h?
2, 19
Let m = 10 - 6. Suppose 4*c - 230 = n - m*n, -3*c - n = -175. What are the prime factors of c?
59
Suppose 9 = -3*z, -2*z - 16 = -0*a - 2*a. Suppose -4*v + 428 = s - 5*s, 345 = 3*v + a*s. List the prime factors of v.
2, 5, 11
Let t be (-682)/(-6) - 3/(-9). Let z = -192 + 112. Let r = t + z. List the prime factors of r.
2, 17
Suppose 2*p - g - g = 10184, 6 = -2*g. List the prime factors of p.
7, 727
Let g(m) be the third derivative of m**2 + 0*m**3 + 0*m - 7/12*m**4 + 0. What are the prime factors of g(-2)?
2, 7
Let b(h) = 65*h**2 + 2*h + 2. Let a be b(4). Let r = a + -270. List the prime factors of r/25 + (-1)/5.
31
Let k(d) = -d**3 - 25*d**2 + 35*d + 22. What are the prime factors of k(-27)?
5, 107
Suppose 3*a = q - 2*q + 182, 3*a + 6 = 0. What are the prime factors of (-38)/209 - q*(-2)/11?
2, 17
Let g = 22 - 14. Let d = g - -42. List the prime factors of d.
2, 5
List the prime factors of (-39)/5*(1075/(-5) + 0).
3, 13, 43
Suppose q = 5*q + 324. Let w = q + 161. Let d = w - 38. List the prime factors of d.
2, 3, 7
Let m = 104 - -32. Suppose -g - m = -3*g. List the prime factors of g.
2, 17
Let l = 3085 + -773. What are the prime factors of l?
2, 17
Let z(r) = 9*r**2 + 21*r - 90. What are the prime factors of z(8)?
2, 3, 109
Let y = 13865 + -8991. What are the prime factors of y?
2, 2437
Let y(i) = -4*i + 31. Let d be 16/(-40) - 2/(-5). What are the prime factors of y(d)?
31
Let y(a) = 2*a**2 + 3*a + 8. Let u(d) = -5*d**2 - 7*d - 17. Let j(s) = 3*u(s) + 7*y(s). Let k be j(0). Let r(c) = c + 3. List the prime factors of r(k).
2
List the prime factors of ((-5)/(2 - -3))/((-26)/102362).
31, 127
Let u be 1/1*0/7. Let m be 2 + u + 6 + -1. Suppose -m*y + 2*y = -85. What are the prime factors of y?
17
Let c(s) = -s**3 - 6*s**2 - 2*s - 10. Let u be c(-6). Suppose 4*f - 480 = -0*w - 4*w, -4*f - u*w = -490. What are the prime factors of f?
5
Suppose -2*o = 2*f - 436, 15*o + 675 = 3*f + 11*o. List the prime factors of f.
13, 17
Let f = 1972 + -1119. Suppose f = 5*v - 282. What are the prime factors of v?
227
Let y be (-1)/9 + 362/18. Let p be (1 + y/(-8))*2. Let q = p + 21. What are the prime factors of q?
2, 3
Let f(d) = -13*d - 24. List the prime factors of f(-10).
2, 53
List the prime factors of (-8)/(-44) + 116307/99.
5, 47
Let x = -2151 - -2729. List the prime factors of x.
2, 17
Let v(j) = -1 + 0 + j**2 + 4 - 3*j. Suppose -2*f + h - 21 = 2*f, 5*h - 33 = 2*f. What are the prime factors of v(f)?
31
Suppose -2*x + 6*x + 44 = 0. Let o = 9 + x. Let d(j) = -5*j + 2. What are the prime factors of d(o)?
2, 3
Suppose 0 = 3*m - 2*x + 26, -x - x + 6 = -m. Let j be 21*(2 - m/(-6)). Let h(w) = -w**3 + 6*w**2 + 10*w - 8. What are the prime factors of h(j)?
13
Let k = 17 + 6. Let w = -29 + 37. Let y = w + k. What are the prime factors of y?
31
List the prime factors of 866 + 4/(-8)*2 + 4.
11, 79
Suppose 5*r = 4*f - 4994, -f + 2*r - 6226 = -6*f. What are the prime factors of f?
2, 7, 89
Let v = -1330 - -3067. What are the prime factors of v?
3, 193
Suppose 0 = 3*x - 7*x - 12, -2*x - 6 = t. Suppose -3*n = 5*b - 415, -b = -t*b - n - 75. What are the prime factors of b?
2, 5
Suppose -25 = -5*d - h, -d + 3 = -h - 2. Suppose 2*p + d*c = 184, -3*c + c = 5*p - 439. What are the prime factors of p?
3, 29
Let n = -12 + 12. Suppose c - 6*c = n. Suppose c = 4*d + 3*f - 195, 3*f = -5*d + 2*f + 252. What are the prime factors of d?
3, 17
Suppose -3 = 3*i - 2*i. Let o be (-99)/i*-1*-2. Let a = o - 40. List the prime factors of a.
2, 13
Let w(k) = 4*k - 15. Let u be w(10). Suppose -o + u + 36 = 0. List the prime factors of o.
61
Suppose -3*t - 213 = -27. Let g = 99 + t. What are the prime factors of g?
37
Suppose 24 = 2*r + 4*i, 6*r = 4*r + 4*i. Let y = r + -2. What are the prime factors of y?
2
Let m(q) = q + 5. Let x be m(-3). Suppose g - 180 = -0*r - 4*r, -r + 54 = -x*g. List the prime factors of r.
2, 23
Let l(m) = m**3 - m**2 - m - 28. Suppose 0*u - 2*u = 0. Let r be l(u). Let n = -15 - r. What are the prime factors of n?
13
Let i(y) be the third derivative of 7*y**5/60 + y**4/12 + y**3/6 - 179*y**2. Let m = -5 + 3. List the prime factors of i(m).
5
Suppose 45*x - 7597 = -4*c + 48*x, 0 = -4*x - 12. What are the prime factors of c?
7, 271
Let f = -1352 + 2174. List the prime factors of f.
2, 3, 137
Suppose 114*x - 109*x = 3*m - 3331, -4*x - 4444 = -4*m. What are the prime factors of m?
2, 139
Let x = -47 - -51. Suppose -5*k + 32 - 341 = -4*w, 0 = x*w + 3*k - 269. What are the prime factors of w?
71
Let v = -277 - -511. List the prime factors of v.
2, 3, 13
Let g = -24 + 14. List the prime factors of 6/g + 215/25.
2
Let w be 3 + (1 + -4 - -2). Let i(b) = 76*b - 1. Let f(u) = -38*u. Let t(d) = w*i(d) + 5*f(d). What are the prime factors of t(-1)?
2, 3
Let d(q) = -q**3 - 9*q**2 + 14*q - 13. Let b be d(-11). List the prime factors of -1*4 + (b - -8).
79
Let w(t) = -t**2 + 13*t + 34. Let v be w(11). Let k = v - -8. What are the prime factors of k?
2
Let a(t) = 3*t - 18. Let d be a(6). List the prime factors of ((-364)/4)/(-1*(1 + d)).
7, 13
Suppose -m - 39 = 5*a - 672, 3*a = 3*m + 387. Let p = a + -62. What are the prime factors of p?
5, 13
Suppose 6*z = -x + 5*z + 18, 2*z = -5*x + 96. List the prime factors of x.
2, 5
Suppose 2*q - 10 = -2. Suppose 3*l - 265 = 4*k, 0*k + 349 = q*l - k. Suppose d + 2*d = l. List the prime factors of d.
29
Suppose u + 1 = 6. Suppose -56 = u*f - 6*f. List the prime factors of f.
2, 7
Suppose 4*b + 4*t = 3928, 4*t = -3*b - 59 + 3008. List the prime factors of b.
11, 89
Let l = 1961 - -693. What are the prime factors of l?
2, 1327
Let v be (-35 - -38) + (-47)/(-1). Let y = v - -75. What are the prime factors of y?
5
Suppose -24*i - 18292 = -41*i. List the prime factors of i.
2, 269
Let b(p) = p**3 - 8*p**2 - 8*p - 12. Let o(v) = 2*v**3 - 17*v**2 - 17*v - 25. Let t(r) = -5*b(r) + 2*o(r). What are the prime factors of t(-4)?
2, 73
Let f(c) = c + 57. Let d be f(0). Suppose 5*a + y = d, 0 = -0*a - a - 4*y + 19. List the prime factors of a.
11
Let r be (-1 + -5)*(-48)/18. Suppose -5 = 3*y + 1, 2*y - r = -5*c. Let l(p) = p**3 - 2*p**2 + 4*p - 2. List the prime factors of l(c).
2, 23
Let p = -52 - -1477. List the prime factors of p.
3, 5, 19
Let o(c) = 455*c - 31. What are the prime factors of o(6)?
2699
Let j = -3 - -5. Let q(x) = -25*x**2 + 3 + 2*x - 2 + 47*x**j. What are the prime factors of q(-1)?
3, 7
Let v(l) = l**2 + 13*l - 4. Suppose 0*t + 15 = t. Suppose -t*p + 42 = -18*p. What are the prime factors of v(p)?
2, 5
Suppose -13 + 5 = -4*i, 4*z - 2244 = 2*i. List the prime factors of z.
2, 281
List the prime factors of -6 - (6 - 1857)*1.
3, 5, 41
Suppose -3*b + 11 = -16. Suppose 3*d = r - 15, 3*d + r = -0*d - b. List the prime factors of -33*(d + -3 + 6).
3, 11
Let z = -1087 + 2640. List the prime factors of z.
1553
Let t be 6 - 2/(-4)*-6. Suppose -j = t - 6. Let n = j - -26. What are the prime factors of n?
29
Let s(p) = -7*p**3 + 4. Let w(i) = 6*i**3 - 4. Let q(t) = 5*s(t) + 6*w(t). Let a = 35 - 32. List the prime factors of q(a).
23
Suppose 3*j - 35 = -5*w - 0*j, 3*w - 2*j = 40. Let c be (72/20)/(4/w). Suppose c*d = 4*d + 105. List the prime factors of d.
3, 7
Let q be 2/(-7) + (-836)/(-133). Let f be ((-8)/(-10))/((-1)/10). What are the prime factors